oes 4 divide 6779?
False
Is 6 a factor of 245?
False
Does 30 divide 1500?
True
Is 2535 a multiple of 4?
False
Is 7792 a multiple of 22?
False
Is 9124 a multiple of 66?
False
Is 580 a multiple of 2?
True
Is 10 a factor of 3566?
False
Does 24 divide 5543?
False
Is 22 a factor of 1195?
False
Does 9 divide 563?
False
Does 73 divide 4161?
True
Is 10 a factor of 103?
False
Is 3 a factor of 4125?
True
Is 52 a factor of 3432?
True
Does 108 divide 3132?
True
Is 11 a multiple of 8?
False
Is 48 a multiple of 12?
True
Is 782 a multiple of 3?
False
Does 9 divide 2958?
False
Is 23 a factor of 8013?
False
Does 3 divide 496?
False
Is 383 a factor of 84812?
False
Is 159 a multiple of 7?
False
Does 27 divide 1701?
True
Is 128 a multiple of 4?
True
Does 50 divide 150?
True
Is 6 a factor of 3690?
True
Is 9060 a multiple of 22?
False
Is 41 a factor of 1353?
True
Does 50 divide 11354?
False
Is 50799 a multiple of 21?
True
Is 8 a factor of 303?
False
Is 12 a factor of 9958?
False
Is 26 a factor of 64213?
False
Is 39572 a multiple of 59?
False
Is 49364 a multiple of 172?
True
Does 96 divide 3145?
False
Is 48 a factor of 8112?
True
Does 15 divide 1880?
False
Is 28530 a multiple of 90?
True
Is 2146 a multiple of 58?
True
Is 30959 a multiple of 83?
True
Is 32827 a multiple of 17?
True
Is 388 a multiple of 23?
False
Does 32 divide 480?
True
Is 298 a multiple of 7?
False
Is 9 a factor of 22626?
True
Is 5093 a multiple of 12?
False
Is 2175 a multiple of 75?
True
Is 93957 a multiple of 34?
False
Is 11232 a multiple of 208?
True
Does 69 divide 828?
True
Is 65 a factor of 29278?
False
Is 83 a factor of 50713?
True
Does 7 divide 410?
False
Does 232 divide 13688?
True
Is 9292 a multiple of 101?
True
Is 1496 a multiple of 12?
False
Is 1656 a multiple of 24?
True
Is 3 even?
False
Is 30 a factor of 94962?
False
Does 4 divide 2092?
True
Is 14 a factor of 574?
True
Is 421 a factor of 151981?
True
Does 10 divide 26896?
False
Is 1122 a multiple of 6?
True
Is 19 a factor of 19660?
False
Does 35 divide 4270?
True
Does 12 divide 1728?
True
Is 9785 a multiple of 4?
False
Is 4158 a multiple of 27?
True
Does 10 divide 67500?
True
Is 88 a multiple of 4?
True
Is 14 a factor of 952?
True
Is 2 a factor of 49?
False
Does 59 divide 138?
False
Is 11 a factor of 893?
False
Is 12 a factor of 2113?
False
Is 421 a multiple of 33?
False
Is 910 a multiple of 14?
True
Is 638 a multiple of 58?
True
Does 4 divide 170?
False
Is 7 a factor of 31?
False
Is 90 a factor of 7830?
True
Does 39 divide 4056?
True
Does 6 divide 136?
False
Is 16 a factor of 20224?
True
Is 1513 a multiple of 24?
False
Is 2107 a multiple of 32?
False
Is 11 a factor of 1973?
False
Does 15 divide 4582?
False
Does 13 divide 503?
False
Is 8040 a multiple of 14?
False
Is 15 a factor of 4020?
True
Does 17 divide 6545?
True
Is 45951 a multiple of 23?
False
Is 386 a multiple of 50?
False
Is 8556 a multiple of 93?
True
Is 106 a factor of 4784?
False
Is 781 a multiple of 11?
True
Does 16 divide 332?
False
Is 9736 a multiple of 8?
True
Is 15 a factor of 2145?
True
Is 217 a multiple of 41?
False
Is 26 a factor of 11340?
False
Does 382 divide 38782?
False
Does 11 divide 29704?
False
Is 6 a factor of 56684?
False
Does 7 divide 3787?
True
Is 364 even?
True
Is 1215 a multiple of 35?
False
Is 39336 a multiple of 149?
True
Does 17 divide 578?
True
Does 43 divide 14445?
False
Does 7 divide 62146?
True
Is 22 a factor of 3069?
False
Does 16 divide 801?
False
Is 1074 a multiple of 32?
False
Is 1457 a multiple of 31?
True
Is 3 a factor of 5067?
True
Is 663 a multiple of 17?
True
Is 972 a multiple of 4?
True
Is 29 a factor of 603?
False
Is 2 a factor of 474?
True
Is 29 a factor of 749?
False
Does 176 divide 13904?
True
Is 288 a multiple of 4?
True
Is 19 a factor of 266?
True
Is 208 a multiple of 26?
True
Is 12983 a multiple of 6?
False
Is 2997 a multiple of 37?
True
Is 112 a factor of 42784?
True
Is 1654 a multiple of 15?
False
Is 621 a multiple of 23?
True
Is 31 a factor of 3111?
False
Is 34 a factor of 2380?
True
Is 4 a factor of 7556?
True
Is 10 a factor of 603?
False
Is 19950 a multiple of 266?
True
Is 3 a factor of 339?
True
Is 28 a factor of 26789?
False
Is 418 a factor of 16526?
False
Is 5440 a multiple of 59?
False
Is 2 a factor of 200?
True
Is 15 a factor of 1260?
True
Does 4 divide 1627?
False
Is 98948 a multiple of 58?
True
Is 107 a factor of 9133?
False
Does 92 divide 2484?
True
Does 26 divide 3021?
False
Does 2 divide 56?
True
Is 6 a factor of 40149?
False
Does 2 divide 121?
False
Is 491 a factor of 42226?
True
Is 9139 a multiple of 145?
False
Does 93 divide 2687?
False
Does 24 divide 336?
True
Is 71 a factor of 3834?
True
Is 59859 a multiple of 11?
False
Does 19 divide 3933?
True
Is 3455 a multiple of 4?
False
Is 1350 a multiple of 54?
True
Is 32 a factor of 1177?
False
Does 10 divide 24613?
False
Does 48 divide 480?
True
Is 21 a factor of 12449?
False
Is 7 a factor of 918?
False
Is 64 a factor of 3968?
True
Is 216 a multiple of 8?
True
Does 3 divide 362?
False
Does 138 divide 138?
True
Is 330 a multiple of 5?
True
Is 176 a factor of 15664?
True
Does 19 divide 144818?
True
Is 12566 a multiple of 29?
False
Is 8176 a multiple of 34?
False
Does 96 divide 17184?
True
Is 9734 a multiple of 62?
True
Is 63 a factor of 126?
True
Is 13045 a multiple of 83?
False
Does 13 divide 364?
True
Does 253 divide 19163?
False
Is 12 a factor of 84?
True
Is 14645 a multiple of 192?
False
Is 29 a factor of 783?
True
Does 21 divide 838?
False
Does 23 divide 80618?
False
Is 16 a factor of 44289?
False
Is 18 a factor of 10098?
True
Does 10 divide 13078?
False
Is 4 a factor of 949?
False
Is 19 a factor of 11457?
True
Is 3 a factor of 6505?
False
Does 96 divide 2208?
True
Is 700 a multiple of 70?
True
Is 3 a factor of 6321?
True
Is 59 a factor of 177?
True
Does 74 divide 5328?
True
Is 1014 a multiple of 6?
True
Is 1686 a multiple of 46?
False
Is 7480 a multiple of 14?
False
Is 1417 a multiple of 73?
False
Is 6504 a multiple of 128?
False
Is 11 a factor of 10980?
False
Is 7682 a multiple of 7?
False
Is 63 a factor of 31489?
False
Is 12903 a multiple of 54?
False
Does 9 divide 702?
True
Is 99 a multiple of 2?
False
Does 10 divide 33639?
False
Is 84 a multiple of 2?
True
Is 5 a factor of 149?
False
Is 36035 a multiple of 11?
False
Does 61 divide 4213?
False
Does 56 divide 27608?
True
Is 60997 a multiple of 174?
False
Is 431 a multiple of 32?
False
Does 7 divide 1386?
True
Does 26 divide 23660?
True
Is 967 a multiple of 4?
False
Is 269 a multiple of 5?
False
Is 36 a factor of 14400?
True
Is 4 a factor of 40?
True
Is 5 a factor of 200?
True
Is 53 a factor of 16854?
True
Does 19 divide 57?
True
Is 1700 a multiple of 34?
True
Does 21 divide 478?
False
Is 4 a factor of 917?
False
Is 11517 a multiple of 23?
False
Is 9 a factor of 1386?
True
Is 53478 a multiple of 9?
True
Is 211 a factor of 21311?
True
Does 13 divide 1215?
False
Is 17472 a multiple of 156?
True
Is 14 a factor of 7420?
True
Does 37 divide 740?
True
Is 150 a factor of 600?
True
Is 35 a factor of 20839?
False
Is 21 a factor of 404?
False
Does 4 divide 148?
True
Is 10 a factor of 27766?
False
Is 5 a factor of 131?
False
Is 266 a multiple of 14?
True
Is 5 a factor of 6110?
True
Does 165 divide 5775?
True
Is 22736 a multiple of 196?
True
Is 285 a multiple of 15?
True
Is 13 a factor of 5715?
False
Does 16 divide 33504?
True
Does 19 divide 27016?
False
Is 12026 a multiple of 27?
False
Is 201 a multiple of 59?
False
Is 12460 a multiple of 64?
False
Does 46 divide 28014?
True
Is 48 a factor of 672?
True
Does 5 divide 2305?
True
Is 396 a multiple of 33?
True
Does 24 divide 58536?
True
Is 138 a multiple of 3?
True
Is 61 a multiple of 2?
False
Does 20 divide 105964?
False
Does 22 divide 38308?
False
Is 5 a factor of 2575?
True
Is 7 a factor of 751?
False
Is 26 a factor of 49421?
False
Does 26 divide 57794?
False
Does 12 divide 4104?
True
Is 1530 a multiple of 5?
True
Does 68 divide 2312?
True
Does 4 divide 265?
False
Is 27 a factor of 2619?
True
Is 181 a multiple of 36?
False
Is 484 a multiple of 4?
True
Does 80 divide 8160?
True
Is 5015 a multiple of 2?
False
Is 30 a factor of 2490?
True
Is 19911 a multiple of 11?
False
Is 35022 a multiple of 13?
True
Does 21 divide 102802?
False
Does 182 divide 15834?
True
Is 3345 a multi